 Let c be z/(4/3) + 5 + -2. Calculate the highest common factor of c and 66.
6
Suppose 154 + 341 = 5*q. Let r be -99*(6/18)/(-1). What is the greatest common divisor of r and q?
33
Let a be (-8 - 25/(-5)) + 20. Let t(c) = c**2 - 12*c - 15. Let b be t(a). What is the greatest common divisor of b and 30?
10
Suppose -3*n + 36 = -0*n. Suppose -11561 = -150*r + 8239. Calculate the greatest common factor of r and n.
12
Let v(w) = 20*w**2 + w - 1. Let q be v(1). Let d = 45 + -37. Calculate the greatest common divisor of d and q.
4
Let k(r) = -3*r - 41. Let j be k(-17). Let a be (30/1)/(3/j). What is the highest common factor of a and 40?
20
Let v(z) = 8*z**2 + 39*z + 270. Let k be v(-9). What is the highest common divisor of 162 and k?
81
Let r(x) = x**3 - 5*x**2 + 6*x - 1. Let w be r(4). Let u be (38/3 - -2) + 20/(-30). Calculate the greatest common divisor of u and w.
7
Let m(t) = t**2 + 4*t + 6. Let i be m(-3). Let d be 4 + i/9*15. What is the greatest common divisor of d and 9?
9
Let u = -660 - -663. Calculate the highest common divisor of u and 25.
1
Let d = -8 - -30. Let a(u) = -6*u - 4. Let o be a(-5). Let b = o - d. Calculate the highest common factor of 20 and b.
4
Let n = -45 + 24. Let y = 43 + n. What is the highest common divisor of 154 and y?
22
Suppose o - 45 = -5*a - 6, -o + 15 = 2*a. Suppose -2*t + 120 = -2*n, -5*n - 7 - a = 0. Calculate the highest common factor of 38 and t.
19
Let a be ((-4)/6)/(4/(-18)). Let c = 28 + -16. Let q be 35 + -3*8/c. What is the greatest common factor of a and q?
3
Let v be -22*((-1)/(-2) + -1). Let t = 2 + 36. Suppose 3*w + 5 = t. Calculate the highest common factor of v and w.
11
Let l be 2/((4/(-48))/(-1)). Let t be ((-156)/16)/((-9)/l). What is the greatest common divisor of 13 and t?
13
Let o(m) = -2*m - 1. Let l be o(1). Let j be 2*(3/6 - l). Let s(b) = -5*b - 4. Let q be s(-5). Calculate the highest common divisor of j and q.
7
Let j be (3 + -2 - 0) + 3. Suppose 5*o + 34 = 2*b, 0 = j*b + b + o - 58. What is the highest common divisor of b and 96?
12
Suppose -3*c = 3*c - 36. Suppose 2*o - 3*o = 3*w - 184, -c = -2*w. Suppose -3 = -3*d - 0, 171 = 5*n - 4*d. Calculate the highest common factor of o and n.
35
Let u be ((-3)/((-18)/(-8)))/((-44)/33) + 2. Let t(n) = 4*n**2 + 2*n. Let l be t(-2). What is the greatest common divisor of l and u?
3
Let t(y) = -y - 4. Let w be t(-6). Suppose 0*c = 3*c + 5*o - 55, c + 15 = 5*o. What is the highest common factor of w and c?
2
Suppose 0 = 3*d - 7*d + 240. Let r = -24 + 28. Suppose -m = 2*g - 34, 7*g - 65 = r*g - 5*m. Calculate the greatest common divisor of d and g.
15
Suppose 0 = -5*k + 5, j = -2*k - 22 + 259. Calculate the highest common factor of 423 and j.
47
Suppose 4*p + 3*x - 85 = 0, -3*x - 140 = -0*p - 5*p. Calculate the greatest common divisor of 1025 and p.
25
Let b be ((-6)/10)/(90/(-825))*28. Calculate the greatest common factor of b and 231.
77
Let a be 126/4 + (-175)/(-70). Calculate the greatest common divisor of a and 459.
17
Suppose -4*n + 3*j + 176 = 0, 6*n - 3*j - 44 = 5*n. What is the greatest common divisor of 242 and n?
22
Let d be ((-21)/2)/(46/(-276)). What is the highest common factor of 231 and d?
21
Suppose 1 = -5*g + 21. Suppose 8 = 2*x, -5 = -3*f + 2*x - 1. Suppose f*p + 0*p = g. Calculate the highest common factor of p and 1.
1
Let j be 162/36*280/12. Calculate the highest common divisor of 30 and j.
15
Suppose -n + 12 + 9 = 0. Suppose -5*h + 56 = n. Let b = 47 + 2. Calculate the greatest common divisor of b and h.
7
Let c = -250 - -292. Calculate the greatest common divisor of 147 and c.
21
Suppose -5*c = 3*k - 104, 5*k + 48 - 180 = 2*c. Calculate the highest common divisor of k and 21.
7
Let v be (5 - 3685/(-75)) + (-8)/60. What is the highest common factor of 90 and v?
18
Let t = -17 + 15. Let n be (-6)/(-6) - (t - 0). Suppose 3*i = n*d + 99, -3*d = d + 4. What is the greatest common divisor of 16 and i?
16
Let g(f) = 6*f**3 + 9*f**2 + 4*f - 3. Let q be g(-3). Let t = q - -141. Calculate the highest common divisor of 9 and t.
9
Let l(z) = -z**3 + 3*z**2 + 5*z - 1. Let o be l(4). Suppose 16 = 3*a - o*x - 11, -x = -3. What is the highest common factor of 12 and a?
12
Let l be (4/(-10))/((-5)/(50/4)). Let j be (-3*l/5)/(17/(-85)). What is the greatest common divisor of j and 33?
3
Let t(k) = -23*k + 5. Let p(v) = -v**3 - 7*v**2 - v - 9. Let w be p(-7). Let z be t(w). Calculate the greatest common factor of 17 and z.
17
Suppose -27*s + 38334 = 6258. What is the greatest common divisor of 216 and s?
108
Let v be 384 + 12/3 + -1. Let f = -45 - -88. What is the highest common factor of f and v?
43
Let k = 1 + -1. Suppose k*o - 14 = -o. Let d(y) = -y + 3. Let j be d(-4). Calculate the highest common divisor of j and o.
7
Let w = 49 + -35. Suppose s + s = -w. Let z(i) = i**2 + 2*i - 9. Let j be z(s). Calculate the highest common divisor of j and 39.
13
Suppose -3*q = -6*q + 108. Let n(m) = m**3 + 6*m + 3*m**3 - 4*m**3 + 5*m**2 - m**3 + 4. Let d be n(6). What is the highest common factor of q and d?
4
Let t = -560 - -576. What is the highest common factor of t and 16?
16
Let c = 2090 - 1145. What is the highest common divisor of c and 21?
21
Suppose -19*g - 13*g + 3520 = 0. Calculate the highest common factor of 55 and g.
55
Suppose -147 - 42 = -3*l. Suppose -3*h - 40 = -6*h + 4*w, -3*w - l = -5*h. What is the highest common divisor of 96 and h?
12
Let w(g) = g**2 + 27*g - 24. Let k be w(-28). Suppose 3*z + 2*r - 75 = -2*z, -k*z + r = -47. What is the highest common factor of 65 and z?
13
Let w = 1 + 1. Let d be w/4*118 + -3. Let y be (3 - 68/(-6)) + 3/(-9). Calculate the greatest common divisor of d and y.
14
Suppose 3*y - 89 = -4*p + 102, 4*p - 215 = 5*y. Let r be 2/5 - (-138)/30. What is the greatest common divisor of p and r?
5
Let y(j) = -3*j**3 + 38*j + 2 - 40*j + j**2 - 4*j**2 - j**2. Let t be y(-2). What is the highest common divisor of 14 and t?
14
Suppose m + 4*x = -x + 65, -5*m - 5*x + 305 = 0. Let r(b) = 4*b**2 + 30*b + 164. Let t be r(-7). What is the highest common factor of t and m?
30
Let u(b) = -6*b**3 - 3*b**2 + 3*b - 5. Let l be u(-4). Calculate the highest common factor of l and 29.
29
Suppose -2*h + 20 = -8. Suppose -2*u + 3*t = -h, -3*u - 4*t = -5*t - 14. Calculate the highest common factor of u and 4.
4
Suppose 10*h - 4 = 8*h. Let q(g) = 71*g + 2. Let d be q(h). Calculate the highest common factor of d and 18.
18
Suppose 18*k - 224 = -14*k. What is the greatest common divisor of k and 13?
1
Suppose -2*s - s = -2*m + 12, 4*m = 2*s + 8. Let b be (4 + -2)/(1/s). Let h be 1/(-2)*(-10 - b). Calculate the highest common divisor of 7 and h.
1
Let v(r) = -9*r - 60. Suppose -2*d + 3*c - 3 = 0, -d = -2*c - 2*c - 11. Let k be v(d). Calculate the highest common divisor of k and 42.
21
Suppose 0 = 4*u - 596 - 144. Calculate the greatest common factor of u and 222.
37
Let d(y) = 29*y - 102. Let q be d(6). Let z = 10 - -8. Calculate the greatest common factor of z and q.
18
Suppose 0 = -3*q - 4*i + 24, -2*q + 4*i + 8 = -8. Let x = q - 8. Suppose 240 = -x*c + 5*c. Calculate the highest common divisor of 12 and c.
12
Let g be (0 - 1)/((-18)/4536). What is the highest common factor of g and 36?
36
Let p(l) = -2*l**2 - 35*l - 40. Let a be p(-17). Let s = 45 + a. What is the highest common factor of s and 88?
22
Let x = 1047 + -979. Calculate the greatest common divisor of x and 2312.
68
Let s be 2/(-7) + (-422)/(-7). Let d be 2/4*-274*4/4. Let k be 14/315*-5 - d/9. Calculate the highest common divisor of s and k.
15
Suppose -5*g + 116 = -4*i - 79, -2*g - i + 65 = 0. Let y be 15 + (-1)/(1/1). Calculate the highest common divisor of y and g.
7
Let c be (9/6 - 2)*-12. Let h be (14*2)/(16/8). Suppose 3*s - 13 = h. Calculate the highest common divisor of c and s.
3
Let u be 279 + (-2)/2*-1. Let m be (224 - 219)/(((-1)/(-1))/7). Calculate the highest common factor of u and m.
35
Suppose 22*t - 3050 - 9578 = 0. Calculate the highest common divisor of t and 246.
82
Suppose 5*v - 2*i = 406 - 79, 0 = 2*i + 2. Suppose -2*g + 7*g = v. Calculate the highest common divisor of g and 117.
13
Suppose -6 = 2*a - 4*a. Suppose 0 = 2*f + 110 - 38. Let p be (f/(-16))/(-9) + (-122)/(-8). What is the highest common divisor of p and a?
3
Suppose -760 = -3*